{"id":899,"date":"2016-03-11T10:44:52","date_gmt":"2016-03-11T09:44:52","guid":{"rendered":"http:\/\/www.binkl.hu\/deltatrade\/?page_id=899"},"modified":"2024-10-28T15:36:56","modified_gmt":"2024-10-28T14:36:56","slug":"hasznalt-nyomdagepek","status":"publish","type":"page","link":"https:\/\/www.deltatrade.eu\/?page_id=899","title":{"rendered":"Haszn\u00e1lt nyomdag\u00e9pek"},"content":{"rendered":"<p>[vc_row][vc_column width=&#8221;1\/3&#8243;][\/vc_column][vc_column width=&#8221;2\/3&#8243;][\/vc_column][\/vc_row][vc_row][vc_column width=&#8221;1\/3&#8243;][vc_images_carousel images=&#8221;1515,1517&#8243; img_size=&#8221;640&#215;480&#8243; autoplay=&#8221;yes&#8221; wrap=&#8221;yes&#8221;][\/vc_column][vc_column width=&#8221;2\/3&#8243;][vc_column_text]<strong>QF-460D 4-SZ\u00cdNES SOROS NYOMDAG\u00c9P<\/strong><\/p>\n<p>\u00c9vj\u00e1rat: 1995<\/p>\n<p>Nyomatsz\u00e9less\u00e9g: max. 600 mm<\/p>\n<p>Nyomathossz: 300 &#8211; 600 mm<\/p>\n<p>Klis\u00e9hengerek 300, 350, 400, 500 mm (4-4 db), valamint 450, 550 \u00e9s 600 mm (2-2 db)<\/p>\n<p>A g\u00e9p nyomatfigyel\u0151 kamer\u00e1val felszerelt.<\/p>\n<p>A g\u00e9p m\u0171k\u00f6d\u00e9s k\u00f6zben megtekinthet\u0151.[\/vc_column_text][\/vc_column][\/vc_row][vc_row][vc_column width=&#8221;2\/3&#8243;][vc_column_text]<strong>4 SZ\u00cdNES PETRA NYOMDA, 800MM SZ\u00c9LES COLD SEALEZ\u0150VEL, 900MM SZ\u00c9LES TECOM DUPLACS\u00c9V\u00c9L\u0150VEL<\/strong><\/p>\n<p>&nbsp;<\/p>\n<p>A nyomda jelenleg csak a cold sealez\u0151vel van felszerelve, a n\u00e9gy nyom\u00f3m\u0171 \u00e9s az eredeti felcs\u00e9v\u00e9l\u0151 rakt\u00e1rban van.<\/p>\n<p>A nyomda gy\u00e1rt\u00e1si ideje ismeretlen.<\/p>\n<p>A fot\u00f3n l\u00e1that\u00f3 \u00e1llapotban kipr\u00f3b\u00e1lhat\u00f3.<\/p>\n<p>&nbsp;<\/p>\n<p>&nbsp;<\/p>\n<p>&nbsp;[\/vc_column_text][\/vc_column][vc_column width=&#8221;1\/3&#8243;][vc_images_carousel images=&#8221;1714,1716,1718,1720&#8243; img_size=&#8221;640&#215;480&#8243; autoplay=&#8221;yes&#8221; wrap=&#8221;yes&#8221;][\/vc_column][\/vc_row][vc_row][vc_column width=&#8221;2\/3&#8243;][\/vc_column][vc_column width=&#8221;1\/3&#8243;][\/vc_column][\/vc_row][vc_row][vc_column][\/vc_column][\/vc_row]<\/p>\n","protected":false},"excerpt":{"rendered":"<p>[vc_row][vc_column width=&#8221;1\/3&#8243;][\/vc_column][vc_column width=&#8221;2\/3&#8243;][\/vc_column][\/vc_row][vc_row][vc_column width=&#8221;1\/3&#8243;][vc_images_carousel images=&#8221;1515,1517&#8243; img_size=&#8221;640&#215;480&#8243; autoplay=&#8221;yes&#8221; wrap=&#8221;yes&#8221;][\/vc_column][vc_column width=&#8221;2\/3&#8243;][vc_column_text]QF-460D 4-SZ\u00cdNES SOROS NYOMDAG\u00c9P \u00c9vj\u00e1rat: 1995 Nyomatsz\u00e9less\u00e9g: max. 600 mm Nyomathossz: 300 &#8211; 600 mm Klis\u00e9hengerek 300, 350, [&hellip;]<\/p>\n","protected":false},"author":2,"featured_media":0,"parent":0,"menu_order":0,"comment_status":"closed","ping_status":"closed","template":"","meta":[],"_links":{"self":[{"href":"https:\/\/www.deltatrade.eu\/index.php?rest_route=\/wp\/v2\/pages\/899"}],"collection":[{"href":"https:\/\/www.deltatrade.eu\/index.php?rest_route=\/wp\/v2\/pages"}],"about":[{"href":"https:\/\/www.deltatrade.eu\/index.php?rest_route=\/wp\/v2\/types\/page"}],"author":[{"embeddable":true,"href":"https:\/\/www.deltatrade.eu\/index.php?rest_route=\/wp\/v2\/users\/2"}],"replies":[{"embeddable":true,"href":"https:\/\/www.deltatrade.eu\/index.php?rest_route=%2Fwp%2Fv2%2Fcomments&post=899"}],"version-history":[{"count":31,"href":"https:\/\/www.deltatrade.eu\/index.php?rest_route=\/wp\/v2\/pages\/899\/revisions"}],"predecessor-version":[{"id":2099,"href":"https:\/\/www.deltatrade.eu\/index.php?rest_route=\/wp\/v2\/pages\/899\/revisions\/2099"}],"wp:attachment":[{"href":"https:\/\/www.deltatrade.eu\/index.php?rest_route=%2Fwp%2Fv2%2Fmedia&parent=899"}],"curies":[{"name":"wp","href":"https:\/\/api.w.org\/{rel}","templated":true}]}}